t k(v) = -v**2 - 9*v - 2. What is the remainder when 10 is divided by k(p)?
4
Let w(d) = 4 - 8 - 9 + 11*d. Let k be w(-11). Let b = -87 - k. Calculate the remainder when b is divided by 12.
11
Let l = 6 - 7. Let x = l + 12. What is the remainder when 20 is divided by x?
9
Let l = -12 - -4. What is the remainder when 46 is divided by (-102)/l + 18/(-24)?
10
Suppose 5*z = -4*f + 279, 2 = -4*z + 14. Let q(m) = -20*m + 2. Let w be q(2). Let j = f + w. Calculate the remainder when j is divided by 10.
8
Let t = 37 + 1. Let j be 8/10*(-1 + -29). What is the remainder when t is divided by (0 - -15)*j/(-18)?
18
What is the remainder when 2 + 262/6 - (-3)/9 is divided by 8?
6
Let o be -2 + -5 - (-3 - -5). Let b be 3*6/o - -2. Calculate the remainder when 3 - b/(3/(-3)) is divided by 2.
1
Let s(t) = 5*t + 5. Let l(h) = -5*h - 4. Let n(v) = -5*l(v) - 4*s(v). What is the remainder when 72 is divided by n(5)?
22
Let w be (1*-3)/((-4)/(-172)). Let h = -73 - w. Calculate the remainder when h is divided by 19.
18
Let d be (-1 + -3)/((-2)/3). Suppose -24 - d = -3*q. What is the remainder when q is divided by 6/1*1/2?
1
Let n(x) = -2*x + 5. Let s(r) = 2*r**3 + 3*r**2 + 3*r + 3. Let o be s(-2). Let l(a) = a**2 - 8*a + 17. What is the remainder when n(o) is divided by l(7)?
9
Suppose h - 3*h + 3 = n, 5*h = -n + 9. Suppose 0 = 3*s + h*s - 45. Let l = 11 - 8. What is the remainder when s is divided by l?
0
Let l(x) = x**3 + 13*x**2 + 5*x + 11. Calculate the remainder when l(-12) is divided by 16.
15
Let j = -3 + 8. Suppose -2*t - k + 12 = 2*k, 0 = j*t - 4*k - 76. Suppose h - 16 - 19 = 0. What is the remainder when h is divided by t?
11
Suppose -p + 59 = -41. Suppose 5*b + d - 4*d - p = 0, 0 = -2*b - 5*d + 9. Let q = -32 + 65. What is the remainder when q is divided by b?
16
Suppose -15*z - 207 = -18*z. What is the remainder when z is divided by 8?
5
Let m(w) = w**2 - 5*w - 4. Let r be m(5). Let o be (-35)/(2/r + 0). Suppose -b = -5*g + 122, -g - b = 2*g - o. What is the remainder when g is divided by 13?
11
Let g(k) = 2*k + 12. Let p be g(-7). What is the remainder when 15 is divided by 9 - (2 - p/(-1))?
6
Suppose c = -0*c + 8. Let n = c - -21. Calculate the remainder when n is divided by 16.
13
Let m(z) = 9*z - 2. Calculate the remainder when m(7) is divided by 32/(3 - 0 - 1).
13
Let m = -13 - -16. Suppose -2*v = m*v + 2*z - 105, 0 = -v - 2*z + 13. What is the remainder when 90 is divided by v?
21
What is the remainder when 60/12*(-114)/(-10) is divided by 15?
12
Let r = -19 + 35. Suppose 3*f + f = -5*x - 4, -r = 4*x. Suppose -3*m + 2 = -4. What is the remainder when f is divided by m?
0
Let l be (2/3)/(2/6). Let b be -3 + (4/2 - 0). Calculate the remainder when 41 is divided by 2 + b*l - -14.
13
Suppose 2*g = 6*g - 120. Let n(a) = 120*a**2 + 4*a - 7. What is the remainder when n(1) is divided by g?
27
Let o(h) = h - 4. Let y be o(7). Suppose 22 = -g + y*g. Calculate the remainder when 41 is divided by g.
8
Suppose 0 = 3*i - 3*o - 60, 0*i + 66 = 3*i - o. What is the remainder when 114 is divided by i?
22
Let d = -1 + 3. What is the remainder when 18 is divided by 1/d + (-36)/(-8)?
3
Suppose 0 = z - 4*z - 4*g + 74, -3*z + 34 = -4*g. What is the remainder when z is divided by 7?
4
Suppose 42*v - 48*v + 630 = 0. What is the remainder when v is divided by 29?
18
Let b(n) = -n**3 - n**2 + n + 13. Calculate the remainder when 44 is divided by b(0).
5
Let c(r) = -2*r - 4. Suppose 4*v + 34 = 10. What is the remainder when c(v) is divided by 5?
3
Suppose -4 = 2*p - 100. Suppose 2*a - 56 - p = 0. Calculate the remainder when a is divided by 18.
16
Let q(g) = 5*g. Calculate the remainder when q(6) is divided by (-4)/24 + 134/12.
8
What is the remainder when ((-71)/3)/(3/(-9)) is divided by 18?
17
What is the remainder when (-1 - -3)*-1 - -40 is divided by (-1 - (-3 - 6/(-2)))*-10?
8
Suppose 3*u - s - 75 = 0, 0*s - 5*s = -5*u + 125. What is the remainder when u is divided by 7?
4
Let o(v) = v**3 - 2*v**2 - 3*v - 3. Suppose 11*l - 1443 = -541. Calculate the remainder when l is divided by o(4).
14
Let o(i) be the first derivative of -1 + 6*i**2 - i + 1/4*i**4 - 11/3*i**3. Calculate the remainder when o(10) is divided by 7.
5
Let g(y) = 14*y + 2. Calculate the remainder when g(4) is divided by 12.
10
Let g = -8 - -13. Suppose -g*d + 4 + 11 = 0. Suppose 248 = 5*c - w, -d*w + 236 = c + 4*c. Calculate the remainder when c is divided by 17.
15
Let k(v) = -4*v - 13. What is the remainder when k(-14) is divided by 11?
10
Let z(a) = -a - 5. What is the remainder when 14 is divided by z(-10)?
4
Suppose 14*z - 141 = 55. What is the remainder when 55 is divided by z?
13
Let w be -12 + (-3)/(-3) + 1. Let c = -1 - w. Let n(r) = -r + 16. What is the remainder when n(0) is divided by c?
7
Let w(a) = a**2 + 13*a + 25. Calculate the remainder when 17 is divided by w(-11).
2
Suppose 6 = 3*g, 4*p - 96 - 2 = -g. Suppose 0 = -2*a + 2, j - 4*a - 6 + 1 = 0. Calculate the remainder when p is divided by j.
6
Suppose -57 = -l + 26. Let c = l - 45. Calculate the remainder when c is divided by 13.
12
Calculate the remainder when 3/(-3)*5*(-3 - 1) is divided by 12.
8
Suppose 4*o - 3*h - 22 = -o, -4*h - 16 = 0. Suppose -o*x + 5*x = 30. Suppose 2*g - 8 = x. What is the remainder when 16 is divided by g?
7
Let y be (1 - (3 + -1)) + -4. Let w(q) = -q**3 - 4*q**2 + 3*q. What is the remainder when 48 is divided by w(y)?
8
Suppose -2*m + 15 = -29. Let z(g) = 64*g**2 + 1. Let q = -4 + 5. What is the remainder when z(q) is divided by m?
21
Let r(a) = -9*a - 8. What is the remainder when (-110)/(-4) + (-1)/(-2) is divided by r(-2)?
8
Let k(c) = -c**3 + 15*c**2 - 12*c - 19. What is the remainder when 24 is divided by k(14)?
6
Let d(r) = 4*r + 1. Let z be d(1). Suppose -98 = -5*p - 3*j, 2*p - 46 = -p - z*j. What is the remainder when p is divided by 13?
9
Let j(w) = w**2 - 6*w + 9. Suppose 2*b + 33 = -b. Let x = b - -22. Calculate the remainder when x is divided by j(5).
3
What is the remainder when 97 is divided by (-100)/(-6)*(-3)/(-2)?
22
Suppose 4*j = 0, 16 = d + 3*j - 14. Calculate the remainder when 50 is divided by d.
20
Let o = 6 - 3. Suppose -o*g - 8 = -5*g. Calculate the remainder when 7 is divided by g.
3
Let o(t) = 0 + 9 - 3*t - 3*t. Let y be o(6). Calculate the remainder when 46 is divided by 36*(-3)/(y/6).
22
Let q = 3 + -3. Suppose q*j = -2*j + 76. Calculate the remainder when (1*j*1)/1 is divided by 13.
12
Let x = 41 - 24. Calculate the remainder when 32 is divided by x.
15
Let a(r) = 2*r**3 - 13*r**2 - 8*r - 7. Calculate the remainder when a(8) is divided by 31.
28
Let t be -40*-1*(4 - 2). Suppose t = 3*l + 2*l. What is the remainder when 31 is divided by l?
15
Suppose 2 + 22 = f. What is the remainder when f is divided by 9?
6
Let l(t) = t**2 + 3*t + 1. Let h(d) = -d + 2. What is the remainder when h(-11) is divided by l(-4)?
3
Calculate the remainder when 48 is divided by (54 - -1)*((-4)/(-10) - 0).
4
Suppose -2*w + 3 = -4*k - 3, 2*k + 23 = -3*w. Let s be (-6)/(-8) - w/4. Suppose 27 = t + 5*c, s*t + 4*c - 29 = 7. What is the remainder when 22 is divided by t?
10
Suppose -x = 5*l - 4*x - 21, 5*x - 39 = -4*l. Calculate the remainder when 5 - -9 - (0 + -2) is divided by l.
4
Let w(j) = j**2 - 11*j - 8. Suppose t = -0*t + 2*o + 22, 2*o - 86 = -5*t. What is the remainder when w(15) is divided by t?
16
Let v = -50 - -83. Calculate the remainder when v is divided by 10/15 + 104/6.
15
Let p = -5 - -28. What is the remainder when p is divided by 8?
7
Suppose 2*j - 5 = -1, -4*v + 5*j - 50 = 0. Suppose -2*l - 2*l - 4*q = -64, -69 = -4*l + q. Let o = v + l. What is the remainder when 19 is divided by o?
5
Let o(x) = 2*x**2 - 2*x + 5. Let m be o(4). Let y = m + -16. What is the remainder when (1/(-2) + 0)*-48 is divided by y?
11
Let y = -5 + 14. Let b(x) = 2*x - 5. Calculate the remainder when b(11) is divided by y.
8
Suppose 3*x = -21 - 69. Let i = x - -56. Calculate the remainder when i is divided by 9.
8
Let p(i) = 14*i**3 + i**2 - i. What is the remainder when p(1) is divided by 9?
5
Let y = -8 + 11. What is the remainder when 11 is divided by y?
2
Let z(d) = -3*d. Let l be z(0). Suppose l*q + 88 = 4*q. Let c = -13 + 21. What is the remainder when q is divided by c?
6
Let l = 87 - 47. Calculate the remai